{"id":11,"date":"2021-08-29T14:21:48","date_gmt":"2021-08-29T14:21:48","guid":{"rendered":"https:\/\/martial-and-art.be\/?page_id=11"},"modified":"2021-09-26T13:40:39","modified_gmt":"2021-09-26T13:40:39","slug":"accueil","status":"publish","type":"page","link":"https:\/\/martial-and-art.be\/","title":{"rendered":"Accueil"},"content":{"rendered":"\n<p>H\u00e9l\u00e8ne prom\u00e8ne sur l\u2019humain son regard tant\u00f4t contemplatif, tant\u00f4t espi\u00e8gle, tant\u00f4t dubitatif mais toujours allum\u00e9 de la m\u00eame curiosit\u00e9.&nbsp;<\/p>\n\n\n\n<p>C\u2019est que chez elle, la photographie h\u00e9rite \u00e0 la fois de l\u2019exp\u00e9rience d\u2019un Orient indicible et de la candeur d\u2019une enfance au Congo.&nbsp;<\/p>\n\n\n\n<p>H\u00e9l\u00e8ne travaille et vit \u00e0 Bruxelles. C\u2019est dans ce terreau du surr\u00e9alisme qu\u2019elle partage son temps entre sa m\u00e9ditation photographique, ses errances m\u00e9taphysiques, les contre-emplois, son chat et sa famille.<\/p>\n","protected":false},"excerpt":{"rendered":"<p>H\u00e9l\u00e8ne prom\u00e8ne sur l\u2019humain son regard tant\u00f4t contemplatif, tant\u00f4t espi\u00e8gle, tant\u00f4t dubitatif mais toujours allum\u00e9 de la m\u00eame curiosit\u00e9.&nbsp; C\u2019est que chez elle, la photographie h\u00e9rite \u00e0 la fois de l\u2019exp\u00e9rience d\u2019un Orient indicible et de la candeur d\u2019une enfance au Congo.&nbsp; H\u00e9l\u00e8ne travaille et vit \u00e0 Bruxelles. C\u2019est dans ce terreau du surr\u00e9alisme qu\u2019elle &hellip; <\/p>\n<p class=\"link-more\"><a href=\"https:\/\/martial-and-art.be\/\" class=\"more-link\">Continuer la lecture<span class=\"screen-reader-text\"> de &laquo;&nbsp;Accueil&nbsp;&raquo;<\/span><\/a><\/p>\n","protected":false},"author":1,"featured_media":0,"parent":0,"menu_order":0,"comment_status":"closed","ping_status":"closed","template":"","meta":{"ngg_post_thumbnail":0,"footnotes":""},"class_list":["post-11","page","type-page","status-publish","hentry"],"_links":{"self":[{"href":"https:\/\/martial-and-art.be\/index.php\/wp-json\/wp\/v2\/pages\/11","targetHints":{"allow":["GET"]}}],"collection":[{"href":"https:\/\/martial-and-art.be\/index.php\/wp-json\/wp\/v2\/pages"}],"about":[{"href":"https:\/\/martial-and-art.be\/index.php\/wp-json\/wp\/v2\/types\/page"}],"author":[{"embeddable":true,"href":"https:\/\/martial-and-art.be\/index.php\/wp-json\/wp\/v2\/users\/1"}],"replies":[{"embeddable":true,"href":"https:\/\/martial-and-art.be\/index.php\/wp-json\/wp\/v2\/comments?post=11"}],"version-history":[{"count":3,"href":"https:\/\/martial-and-art.be\/index.php\/wp-json\/wp\/v2\/pages\/11\/revisions"}],"predecessor-version":[{"id":107,"href":"https:\/\/martial-and-art.be\/index.php\/wp-json\/wp\/v2\/pages\/11\/revisions\/107"}],"wp:attachment":[{"href":"https:\/\/martial-and-art.be\/index.php\/wp-json\/wp\/v2\/media?parent=11"}],"curies":[{"name":"wp","href":"https:\/\/api.w.org\/{rel}","templated":true}]}}

<p>Hélène promène sur l’humain son regard tantôt contemplatif, tantôt espiègle, tantôt dubitatif mais toujours allumé de la même curiosité.&nbsp;</p>



<p>C’est que chez elle, la photographie hérite à la fois de l’expérience d’un Orient indicible et de la candeur d’une enfance au Congo.&nbsp;</p>



<p>Hélène travaille et vit à Bruxelles. C’est dans ce terreau du surréalisme qu’elle partage son temps entre sa méditation photographique, ses errances métaphysiques, les contre-emplois, son chat et sa famille.</p>

<p>Hélène promène sur l’humain son regard tantôt contemplatif, tantôt espiègle, tantôt dubitatif mais toujours allumé de la même curiosité.&nbsp; C’est que chez elle, la photographie hérite à la fois de l’expérience d’un Orient indicible et de la candeur d’une enfance au Congo.&nbsp; Hélène travaille et vit à Bruxelles. C’est dans ce terreau du surréalisme qu’elle &hellip; </p>
<p class="link-more"><a href="https://martial-and-art.be/" class="more-link">Continuer la lecture<span class="screen-reader-text"> de &laquo;&nbsp;Accueil&nbsp;&raquo;</span></a></p>
